 w(q)?
10
Suppose -w = -6*w + 60. Suppose 0 = 4*v - 3*d + 7 - 23, -3*v - d = -w. Suppose -v*g + 0*g = 8. Let q(k) = 2*k - 2. Give q(g).
-6
Let k = -14 - -11. Let a(c) = -c**2 - 3*c + 3. Let l be a(k). Let i(z) = -l*z + 5 + 2*z**2 + 2*z**2 - 5*z**2. What is i(-5)?
-5
Let s(d) = -d**3 - 8*d**2 - 3*d + 1. Let g(k) = -6*k**3 - 41*k**2 - 16*k + 2. Let b(m) = -2*g(m) + 11*s(m). What is b(6)?
1
Let w(n) be the second derivative of -n**5/20 - 7*n**4/12 - 2*n**3/3 + 3*n**2/2 + 230*n. Calculate w(-4).
-29
Let y(b) = -2 + b + 4*b + 0*b - 3*b. Let c(a) = -5*a + 11. Let h(s) = -3*s + 5. Let z(p) = 2*c(p) - 5*h(p). Let l(r) = 7*y(r) - 3*z(r). Give l(0).
-5
Let l be 2/7 + 54/(-42)*1. Let n(x) be the first derivative of -3*x**2/2 + x - 4. Calculate n(l).
4
Let q(t) = -7*t**2 + 4*t + t**3 + 2*t**2 + 0*t**2 - 4*t**2 - 21. Determine q(9).
15
Let x(p) = -p**2 - p + 4. Let z(w) = -4*w**3 + 3*w**2 + 4*w. Let o be z(-1). What is x(o)?
-8
Suppose 0*b + 4*b = 4. Let h(p) = p - b + 1 - 1. Let i be (-220)/165*6/(-4). What is h(i)?
1
Let c be ((-5)/(-15))/(4/40)*3. Let x(y) = y**2 - 7*y + 5. Give x(c).
35
Let q(v) = -v**2 - 5*v - 2. Let u(y) = y**2 + 6*y - 3. Suppose -33 = 7*j + 9. Let r be u(j). What is q(r)?
4
Let j(o) = 2*o**2 - o + 2. Let b(x) = 6*x**2 - 4*x + 3. Let w(v) = b(v) - 2*j(v). Give w(3).
11
Let b(a) be the second derivative of -a**4/12 + 4*a**3/3 + 6*a**2 + 424*a. What is b(10)?
-8
Let h(r) = r**3 - 3*r**2 - r. Let a be h(3). Let s(j) = -2*j - 9. Let u be s(-7). Let i(n) = -u*n - 972 + 969 + 3*n. What is i(a)?
3
Let i(g) = 5*g - 134. Let d be i(27). Let s(q) = 11*q**2 + 1. What is s(d)?
12
Let a(q) = 6*q**2 - 5*q - 4. Let n(r) = -5*r**2 + 4*r + 3. Let y(d) = -4*a(d) - 5*n(d). Let u be 14/15 + 23/345. Give y(u).
2
Let z be (-16)/24*-2*(-6)/4. Let l(t) = 7*t**2 + 3*t. Calculate l(z).
22
Let v(p) = -p - 1. Let f be ((-3)/(-4))/3 + 1935/36. Let o = -56 + f. Give v(o).
1
Let d(k) = -9*k + 40. Let c(w) = -4*w + 17. Let m(z) = -7*c(z) + 3*d(z). Give m(4).
5
Let o(w) be the second derivative of 0 - 3/2*w**2 + 1/3*w**3 - w. Determine o(5).
7
Let g be 3*(-4)/12*3. Let u(z) be the first derivative of -z**4/2 - 5*z**3/3 - z**2/2 + 2*z - 9. Determine u(g).
14
Let j(m) = m**3 + 7*m**2 + 8*m + 13. Let p be 7*4/42*-9. Calculate j(p).
1
Suppose 109 - 25 = -4*u. Let w = u + 22. Let l(g) = -4*g + 9*g - w + 4 + g**2 - 2. Determine l(-4).
-3
Let f(k) be the third derivative of 0 + 19*k**2 + 1/120*k**6 + 1/24*k**4 + 1/20*k**5 + 2/3*k**3 + 0*k. Determine f(-3).
1
Let z(p) = -p**2 - p + 3. Let g = 10 + -28. Let u = g + 6. Let k = u - -12. What is z(k)?
3
Let o(j) be the third derivative of j**5/60 + j**4/8 + j**3/2 - 15*j**2. Let t(y) = -y**2 - 4*y - 3. Let r(l) = -6*o(l) - 5*t(l). Calculate r(3).
-6
Let d = 21 + 1. Let u = -28 + d. Let n be 1/3 - (-38)/u. Let g(c) = c**3 + 7*c**2 + 5*c + 2. Give g(n).
8
Let t(k) = -4*k + 1. Suppose -26*o - 23 = 3. What is t(o)?
5
Let v(k) = 6*k**2 - 8*k + 1. Let p(f) = -f**2 + f - 1. Let q(z) = 5*p(z) + v(z). Calculate q(4).
0
Let g(p) = -2*p**2 - p - 1. Suppose 2 = i - 2*t, -i + 4*i = 3*t - 9. Let u be (-1 - (1 + 0))*(-4)/i. What is g(u)?
-2
Suppose 0 = 5*y - 2*y. Let n be -1*(-3 - y/(-1)). Let m(r) = -3*r + 4. Give m(n).
-5
Let r(k) = 3*k**2 + k - 1. Let w(p) = 11*p**2 + 2*p - 4. Let l(z) = 4*r(z) - w(z). Give l(2).
8
Let x = -1271 - -1271. Let v(b) = -b**2 + b + 1. What is v(x)?
1
Let n(h) = -h**2 - 3*h - 1. Let r be 2/4 + 30/48*-4. Determine n(r).
1
Let x(f) = -4*f**2 + 3*f - 1. Let u(h) = 21*h**2 - 17*h + 5. Let b(j) = -u(j) - 5*x(j). Give b(1).
1
Let p be 792/(-99) - 3*2. Let n(h) = h**3 + 13*h**2 - 12*h + 27. Calculate n(p).
-1
Let r(c) = -11*c**2 - 12 + 9*c**3 + 4*c**2 + 25*c**2 - c - 8*c**3. Determine r(-18).
6
Let i(z) = -10*z - 2730 + 1352 + 1328. Determine i(-6).
10
Let l = -13 + 14. Let z(h) = -5*h**2. Let n(m) = m**3 - m**2. Let f(q) = l*z(q) - n(q). Calculate f(-4).
0
Let i(z) = z + 4. Let q be ((-14)/(-6))/(2*(-3)/18). Determine i(q).
-3
Suppose -3*n - 3 - 3 = 5*b, -2*b = 6. Let v be (-2)/10 - 55/(-25). Let u be v/1 + n + -5. Let f(i) = i + 13. Determine f(u).
13
Let j(s) = -10*s. Let a(y) = 11*y + 1. Let v(u) = 6*a(u) + 7*j(u). Give v(7).
-22
Suppose -k + 2*v + 1 = 7, -2*v + 6 = 0. Let o(m) = 5*m - 8*m + 5*m + 5 + k*m. What is o(-4)?
-3
Let k = 29 + -27. Let g(m) = -10*m - 1 - 3*m**k - m**3 + 0*m**2 + 8*m. What is g(-3)?
5
Suppose -c - 3*c = 32. Suppose y = 5*o - 45, -4*y - 8 + 78 = 5*o. Let j(h) = 3 - 3*h - 5 - 1 + o*h + h**2. Determine j(c).
5
Let l(o) be the second derivative of o**5/20 + 2*o**4/3 - o**3/3 - 11*o**2/2 + 8*o. Give l(-8).
5
Let a(y) = -y**3 + y - 2. Let b be a(-2). Let f be b*1/(1/5). Let v = -13 + f. Let q(j) = -2*j + 7. Calculate q(v).
-7
Let f(w) be the second derivative of -w**4/12 + w**3/6 + 29*w**2/2 + 67*w - 1. Calculate f(-5).
-1
Let q(h) = h**3 + 5*h**2 - 5*h - 7. Suppose 0 = 5*o - 5*t - 22 - 33, -4*o + 43 = -3*t. Let n be (-6 - 0)/(o/10). Determine q(n).
-13
Let y(f) be the second derivative of -f**3/6 + 13*f**2/2 - 366*f. Give y(4).
9
Suppose -4 = 2*l - 0*l, 0 = -2*u - 2*l - 18. Let i(q) = 13*q - 5. Let b(d) = 7*d - 3. Let n(h) = u*b(h) + 4*i(h). Let y be (-8)/3 + (-2)/(-3). What is n(y)?
-5
Let w(r) = r**2 - 2*r - 5. Let o be w(4). Let q(c) = c**2 - c - 3. Let b be q(o). Let p(k) = 3 + 0*k**2 + b*k**2 + 2*k - 4*k**2. Determine p(5).
-12
Let r(b) be the second derivative of b**4/12 - 4*b**3/3 - b**2 + b + 431. Give r(8).
-2
Let w(v) = 3*v**3 + v**2 + 7*v + 6. Let p(d) = 3*d**3 + d**2 + 8*d + 7. Let b(q) = 6*p(q) - 7*w(q). What is b(-1)?
3
Let f(z) = -z - 2. Suppose 0*i = -5*i + 20. Let p be (-1)/(-2) - (-6)/i. Suppose 0 = 5*j + p*y - 0*y + 12, 20 = -3*j + 2*y. What is f(j)?
2
Let i(p) = 4*p**3 - 2*p**2 + 1. Let x(y) = -8*y + 57. Let s be x(7). What is i(s)?
3
Let g(o) = -3*o. Let h(x) = 5*x + 107. Let v be h(-21). Let r = 40 + -22. Suppose d + 4*y + r = -d, 0 = v*d + y + 3. What is g(d)?
-3
Let b(x) = x - 18. Let l be b(8). Let s be (12/l)/(-3)*5. Let u(t) = 0*t - 2 - t**s + 3*t**2 - 2*t + 0*t. Calculate u(3).
10
Let u(s) = -3 + 46*s - 20*s - 13*s - 14*s. Let h = -5 - -1. Give u(h).
1
Suppose 2*m - 13 = -v, -5*m + 5*v + 6 = -19. Let x be (-38)/57*m/(-4). Let a(s) = -6*s. Determine a(x).
-6
Let i(d) be the first derivative of -d**3/3 - d**2 + 5*d - 383. Determine i(4).
-19
Suppose 4*b = 2*j + 6*b + 4, 0 = 5*j - 5*b - 40. Let p(q) = 24*q - 49*q + 3 + 25*q + 2*q. Calculate p(j).
9
Let k(d) = 53*d - 52*d - 3 + 3 + 7. Give k(6).
13
Let l(d) = d**2 - 6*d + 2. Suppose s = -2*j, -s - 12 = 2*s. Let g = -12 + j. Let k be g/3*24/(-16). What is l(k)?
-3
Let q(c) be the second derivative of 1/6*c**3 - 1/2*c**2 + 0 + 14*c. Calculate q(7).
6
Let t(w) = -w**3 - 8*w**2 - w + 2. Let u be t(-8). Let s(m) = u*m + 3*m - 12*m. Calculate s(4).
4
Let z(g) = 7*g**2 - 1. Let f(j) = -15*j**2 + 11*j + 7. Let p(a) = -f(a) - 2*z(a). What is p(11)?
-5
Let t(o) = -21*o**3 - 2*o + 16*o**2 + o - 17*o**2. Suppose -5*x = -2*f + 7, 1 + 4 = -2*x + 3*f. What is t(x)?
21
Suppose -2*d - 4*b + 12 = 0, -11 = -2*d - 3*b - 1. Let p(i) = -7*i + 10*i + d*i - 7*i**2 + 3*i - i**3 - 5. What is p(-8)?
-5
Suppose -10 - 2 = -4*z. Let n(l) = 11 + 6*l**2 - 12*l**2 + 7*l**2 + l**z. Let o(s) = -s**2 - 2*s + 3. Let y be o(-3). Determine n(y).
11
Let w(z) = -13*z + 10. Let s(o) = 4*o - 2. Let n(c) = 3*s(c) + w(c). Calculate n(-11).
15
Let w(d) = d - 4. Let g(z) = 2*z**3 + 6*z**2 + 2*z + 1. Let p be g(-3). What is w(p)?
-9
Let v(b) = -b**3 + 5*b**2 + 5*b + 8. Let l be v(6). Suppose y - 4*z = -4, -3*y + l*z + 10 + 18 = 0. Let i = -13 + y. Let r(f) = -f - 2. Give r(i).
-1
Let j(d) be the third derivative of -d**5/120 + 3*d**4/8 - 7*d**3/3 + 16*d**2. Let z(q) be the first derivative of j(q). What is z(5)?
4
Let u(s) = -6*s + 4. Let d(i) = -i**3 - 2*i**2 + 12*i + 10. Let y be d(-4). Let m be (y - 95/(-15))/((-1)/(-9)). Determine u(m).
-14
Let p(h) = -5*h - 9. Let r(c) = -27*c + 7 - 15 - 38. Let q(u) = 11*p(u) - 2*r(u). Calculate q(0).
-7
Let g(j) = -3*j**3 + j**3 + 5*j + 9*j**2 + 3*j**3 - 2 - 3*j**2. Let d(h) = -h**2 - 2*h + 1. Let o be d(-3). Let i be (2 + -3)/(o/(-10)). Give g(i).
-2
Let f(v) = 14 - v**3 + 5*v**3 - 3*v**3. Calculate f(0).
14
Let o(i) be the second derivative of i**4/12 - 2*i**3 + 25*i**2/2 + 51*i. Give o(10).
5
Let a be -1 + 8*(-1 + 2). L